{"id":3,"date":"2025-12-29T10:53:48","date_gmt":"2025-12-29T09:53:48","guid":{"rendered":"http:\/\/strick-gmbh.de\/?page_id=3"},"modified":"2026-02-22T16:13:18","modified_gmt":"2026-02-22T15:13:18","slug":"datenschutzerklaerung","status":"publish","type":"page","link":"https:\/\/strick-gmbh.de\/?page_id=3","title":{"rendered":"Datenschutzerkl\u00e4rung"},"content":{"rendered":"\n<p class=\"is-style-text-display is-style-text-display--1\">Datenschutzerkl\u00e4rung<\/p>\n\n\n\n<h2 class=\"wp-block-heading\"><strong>Information zur Verarbeitung personenbezogener Daten<\/strong><\/h2>\n\n\n\n<p>Wenn Sie die Strick GmbH kontaktieren, verarbeitet diese im erforderlichen Umfang Ihre personenbezogenen Daten. Gem\u00e4\u00df Art. 13, 14 Datenschutz-Grundverordnung (DSGVO) geben wir Ihnen hierzu folgende Informationen:<\/p>\n\n\n\n<ol class=\"wp-block-list\">\n<li><strong>Name und Kontaktdaten der Verantwortlichen<\/strong><\/li>\n<\/ol>\n\n\n\n<p>Strick GmbH<br>Eldernstr. 55<br>53909 Z\u00fclpich<br>Telefon: 02425-418<br>Telefax: 02425-7368<br>E-Mail: info@strick-gmbh.de<br>Internet: www.strick-gmbh.de<\/p>\n\n\n\n<ol start=\"2\" class=\"wp-block-list\">\n<li><strong>Kontaktdaten der Datenschutzbeauftragten<\/strong><br>Name Frau Sievernich<br>Anschrift Eldernstr. 55<br>PLZ Ort&nbsp;&nbsp;&nbsp;&nbsp;&nbsp;&nbsp;&nbsp;&nbsp;&nbsp;&nbsp;&nbsp;&nbsp;&nbsp;&nbsp;&nbsp;&nbsp;&nbsp;&nbsp;&nbsp;&nbsp; 53909 Z\u00fclpich<br>Telefon&nbsp;&nbsp;&nbsp;&nbsp;&nbsp;&nbsp;&nbsp;&nbsp;&nbsp;&nbsp;&nbsp;&nbsp;&nbsp;&nbsp;&nbsp;&nbsp;&nbsp;&nbsp;&nbsp;&nbsp; 02425-418<br>Telefax:&nbsp;&nbsp;&nbsp;&nbsp;&nbsp;&nbsp;&nbsp;&nbsp;&nbsp;&nbsp;&nbsp;&nbsp;&nbsp;&nbsp;&nbsp;&nbsp;&nbsp;&nbsp;&nbsp; 02425-7368<br>E-Mail:&nbsp;&nbsp; &nbsp;&nbsp;&nbsp;&nbsp;&nbsp;&nbsp;&nbsp;&nbsp;&nbsp;&nbsp;&nbsp;&nbsp;&nbsp;&nbsp;&nbsp;&nbsp;&nbsp; info@strick-gmbh.de&nbsp;<\/li>\n\n\n\n<li><strong>Zweck, Rechtsgrundlage der Verarbeitung sowie Quellen und Weitergabe der Daten<\/strong><\/li>\n<\/ol>\n\n\n\n<p>Wir verarbeiten zu einem oder mehreren der im Folgenden genannten Zwecke Ihre personenbezogenen Daten und haben diese ggf. aus nachfolgenden Quellen erhalten bzw. geben diese an einen oder mehrere der folgenden Empf\u00e4nger weiter:<\/p>\n\n\n\n<figure class=\"wp-block-table\"><table class=\"has-fixed-layout\"><tbody><tr><td><strong>Zweck<\/strong><\/td><td><strong>Empf\u00e4nger \/ Quelle<\/strong><\/td><td><strong>Rechtsgrundlagen<\/strong><\/td><\/tr><tr><td><strong>Absicherung und Regulierung<\/strong><\/td><td>Versicherung<\/td><td>Art. 6 Abs. 1 f DSGVO<\/td><\/tr><tr><td><strong>Bewerbung:<br><\/strong>Bewerbungsmanagement<\/td><td>&nbsp;<\/td><td>Art. 6 Abs. 1 b DSGVO<\/td><\/tr><tr><td><strong>Datentr\u00e4ger-\/Aktenvernichtung<\/strong><\/td><td>Datentr\u00e4ger-\/Aktenvernichter<\/td><td>Art. 6 Abs. 1 f DSGVO<\/td><\/tr><tr><td><strong>Foto\/Video\/Tonaufnahmen:<\/strong>z.B. Bautagebuch<\/td><td>&nbsp;<\/td><td>Art. 6 Abs. 1 b, f DSGVO<\/td><\/tr><tr><td><strong>IT-Systeme\/Telekommunikation:<\/strong>Betrieb \/ Instandhaltung \/ Wartung<\/td><td>IT-Dienstleister<\/td><td>Art. 6 Abs. 1 f DSGVO<\/td><\/tr><tr><td><strong>Kundendatenverwaltung:<\/strong>insbesondere Buchhaltung, Adressverwaltung, Rechnungsstellung<\/td><td>Steuerberater, Beh\u00f6rden, Verwaltungen, verbundene Unternehmen<\/td><td>Art. 6 Abs. 1 a, b und c DSGVO<\/td><\/tr><tr><td><strong>Kundengewinnung \/-betreuung:<\/strong>z. B. Werbe-\/Marketingaktivit\u00e4ten<\/td><td>&nbsp;<\/td><td>Art. 6 Abs. 1 a, b und f DSGVO<\/td><\/tr><tr><td><strong>Mitarbeiterdatenverwaltung:&nbsp;<\/strong>z. B. Lohn- und Gehaltsabrechnung<\/td><td>Lohn- und Gehaltsb\u00fcro, Steuerberater, Krankenversicherung, Beh\u00f6rden, Verwaltungen, Bausparkassen, Anbieter von Mitarbeiterangebotsprogrammen,<\/td><td>Art. 6 Abs. 1 b DSGVO<\/td><\/tr><tr><td><strong>Planungsleistungen<\/strong><\/td><td>Architekten, Bauingenieure, Messdienstleister<\/td><td>Art. 6 Abs. 1 b DSGVO<\/td><\/tr><tr><td><strong>Postversand<\/strong><\/td><td>Postdienstleister<\/td><td>Art. 6 Abs. 1 f DSGVO<\/td><\/tr><tr><td><strong>Rechtsverfolgung<\/strong><\/td><td>Rechtsanwalt, Inkassob\u00fcro, Gerichte, Beh\u00f6rden<\/td><td>Art. 6 Abs. 1 b, c, f DSGVO<\/td><\/tr><tr><td><strong>SEPA:&nbsp;<\/strong>Durchf\u00fchrung des SEPA-Lastschriftverfahrens<\/td><td>Bankinstitut<\/td><td>Art. 6 Abs. 1 a DSGVO<\/td><\/tr><tr><td><strong>Speicherung\/Archivierung von Personal- und Kundendaten<\/strong><\/td><td>Sicherungsspeicherungs- bzw.- Archivierungsunternehmen<\/td><td>Art. 6 Abs. 1 c, f DSGVO<\/td><\/tr><tr><td><strong>Unternehmensberatung\/-optimierung<\/strong><\/td><td>Finanzberater, Unternehmensberater, Wirtschaftspr\u00fcfer, Steuerberater<\/td><td>Art. 6 Abs. 1 f DSGVO<\/td><\/tr><tr><td><strong>Vertragsabwicklung:<\/strong>z. B. Einhaltung von Garantie- und Gew\u00e4hrleistungsfristen<\/td><td>Hersteller, Lieferanten, Subunternehmer, vom Kunden beauftragte Unternehmen, Gutachter, Beh\u00f6rden, Versicherungen<\/td><td>Art. 6 Abs. 1 b DSGVO<\/td><\/tr><tr><td><strong>Video\u00fcberwachung<\/strong><\/td><td>Polizei, Strafverfolgungsbeh\u00f6rden, Versicherung, Rechtsanwalt, Wachdienst, IT-Dienstleister<\/td><td>Art. 6 Abs. 1 f DSGVO<\/td><\/tr><tr><td><strong>Zahlungsabwicklung<\/strong><\/td><td>Bankinstitut, Finanzierungsdienstleister<\/td><td>Art. 6 Abs. 1 b DSGVO<\/td><\/tr><\/tbody><\/table><\/figure>\n\n\n\n<p>Bei einer Verarbeitung der Daten nach Art. 6 Abs. 1 f DSGVO bestehen die berechtigten Interessen insbesondere in<\/p>\n\n\n\n<ul class=\"wp-block-list\">\n<li>der Sicherstellung und Verbesserung von Betriebsabl\u00e4ufen,<\/li>\n\n\n\n<li>der Abwendung von Verm\u00f6gensch\u00e4den,<\/li>\n\n\n\n<li>der Bekanntmachung des Leistungsspektrums,<\/li>\n\n\n\n<li>der Optimierung des Kundenservice.<\/li>\n<\/ul>\n\n\n\n<ol start=\"4\" class=\"wp-block-list\">\n<li><strong>Kategorien personenbezogener Daten<\/strong><\/li>\n<\/ol>\n\n\n\n<p>Insbesondere verarbeiten wir Ihre\/n Titel, Vorname, Nachname, Anschrift, E-Mail-Adresse, (Mobil-) Telefonnummer, Kundennummer, Bankverbindungsdaten, Qualifikations-, Leistungs- und\/oder Potentialbeurteilungen, Ausbildungsvertragsnummer, Sozialversicherungsdaten.<\/p>\n\n\n\n<ol start=\"5\" class=\"wp-block-list\">\n<li><strong>Dauer der Speicherung der personenbezogenen Daten<\/strong><\/li>\n<\/ol>\n\n\n\n<p>Die Daten werden gel\u00f6scht, sobald sie f\u00fcr die vorgenannten Zwecke, insbesondere gesetzliche Aufbewahrungspflichten, nicht mehr erforderlich sind. Die gesetzlichen Aufbewahrungs- und Dokumentationspflichten von 5, 6 bzw. 10 Jahren ergeben sich aus \u00a7 8 Abs. 4 GwG, \u00a7 257 HGB und \u00a7 147 AO.<\/p>\n\n\n\n<p>Die Daten, die der Regelverj\u00e4hrung gem. \u00a7 195 BGB unterliegen, werden nach Ablauf der 3-Jahres-Frist gel\u00f6scht.<\/p>\n\n\n\n<p>Im Bewerbermanagement:<\/p>\n\n\n\n<p>Wird von uns kein Anstellungsvertrag mit dem Bewerber geschlossen, so werden die Bewerbungsunterlagen<br>6 Monate nach Bekanntgabe der Absageentscheidung automatisch gel\u00f6scht, sofern einer L\u00f6schung keine sonstigen berechtigten Interessen des f\u00fcr die Verarbeitung Verantwortlichen gem. Art. 6 Abs. 1 f DSGVO entgegenstehen. Sonstiges berechtigtes Interesse in diesem Sinne ist beispielsweise eine Beweispflicht in einem Verfahren nach dem Allgemeinen Gleichbehandlungsgesetz.<\/p>\n\n\n\n<ol start=\"6\" class=\"wp-block-list\">\n<li><strong>Betroffenenrechte<\/strong><\/li>\n<\/ol>\n\n\n\n<p>Sie k\u00f6nnen von uns jederzeit Auskunft, Berichtigung, L\u00f6schung und die Einschr\u00e4nkung der Verarbeitung Ihrer personenbezogenen Daten verlangen sowie das Recht auf Daten\u00fcbertragbarkeit geltend machen. Dar\u00fcber hinaus haben Sie das Recht, sich an die zust\u00e4ndige Aufsichtsbeh\u00f6rde zu wenden.<\/p>\n\n\n\n<p>Sie k\u00f6nnen der Verarbeitung und Weitergabe Ihrer Daten nach Art. 21 DSGVO&nbsp;<strong>WIDERSPRECHEN<\/strong>.<\/p>\n\n\n\n<p>Sollten Sie uns eine Einwilligungserkl\u00e4rung gegeben haben, k\u00f6nnen Sie diese jederzeit ohne Angabe von Gr\u00fcnden \u00e4ndern oder&nbsp;<strong>WIDERRUFEN<\/strong>. Datenverarbeitungen, die vor dem Widerruf erfolgt sind, sind hiervon nicht betroffen.<\/p>\n\n\n\n<p>Bei R\u00fcckfragen zum Schutz Ihrer personenbezogenen Daten wenden Sie sich bitte an:<\/p>\n\n\n\n<p><strong>Strick GmbH, Eldernstr. 55, 53909 Z\u00fclpich, Tel. 02425-418, Fax: 02425-7368, E-Mail: info@strick-gmbh.de<\/strong><\/p>\n\n\n\n<p>oder unsere Datenschutzbeauftragte<\/p>\n\n\n\n<p><strong>Frau Sievernich<\/strong><\/p>\n\n\n\n<p><strong>Anschrift und Kontaktdaten wie Strick-GmbH<\/strong><\/p>\n","protected":false},"excerpt":{"rendered":"<p>Datenschutzerkl\u00e4rung Information zur Verarbeitung personenbezogener Daten Wenn Sie die Strick GmbH kontaktieren, verarbeitet diese im erforderlichen Umfang Ihre personenbezogenen Daten. Gem\u00e4\u00df Art. 13, 14 Datenschutz-Grundverordnung (DSGVO) geben wir Ihnen hierzu folgende Informationen: Strick GmbHEldernstr. 5553909 Z\u00fclpichTelefon: 02425-418Telefax: 02425-7368E-Mail: info@strick-gmbh.deInternet: www.strick-gmbh.de Wir verarbeiten zu einem oder mehreren der im Folgenden genannten Zwecke Ihre personenbezogenen Daten und [&hellip;]<\/p>\n","protected":false},"author":1,"featured_media":0,"parent":0,"menu_order":0,"comment_status":"closed","ping_status":"open","template":"","meta":{"footnotes":""},"class_list":["post-3","page","type-page","status-publish","hentry"],"_links":{"self":[{"href":"https:\/\/strick-gmbh.de\/index.php?rest_route=\/wp\/v2\/pages\/3","targetHints":{"allow":["GET"]}}],"collection":[{"href":"https:\/\/strick-gmbh.de\/index.php?rest_route=\/wp\/v2\/pages"}],"about":[{"href":"https:\/\/strick-gmbh.de\/index.php?rest_route=\/wp\/v2\/types\/page"}],"author":[{"embeddable":true,"href":"https:\/\/strick-gmbh.de\/index.php?rest_route=\/wp\/v2\/users\/1"}],"replies":[{"embeddable":true,"href":"https:\/\/strick-gmbh.de\/index.php?rest_route=%2Fwp%2Fv2%2Fcomments&post=3"}],"version-history":[{"count":2,"href":"https:\/\/strick-gmbh.de\/index.php?rest_route=\/wp\/v2\/pages\/3\/revisions"}],"predecessor-version":[{"id":33,"href":"https:\/\/strick-gmbh.de\/index.php?rest_route=\/wp\/v2\/pages\/3\/revisions\/33"}],"wp:attachment":[{"href":"https:\/\/strick-gmbh.de\/index.php?rest_route=%2Fwp%2Fv2%2Fmedia&parent=3"}],"curies":[{"name":"wp","href":"https:\/\/api.w.org\/{rel}","templated":true}]}}

Datenschutzerklärung

<p class="is-style-text-display is-style-text-display--1">Datenschutzerklärung</p>



<h2 class="wp-block-heading"><strong>Information zur Verarbeitung personenbezogener Daten</strong></h2>



<p>Wenn Sie die Strick GmbH kontaktieren, verarbeitet diese im erforderlichen Umfang Ihre personenbezogenen Daten. Gemäß Art. 13, 14 Datenschutz-Grundverordnung (DSGVO) geben wir Ihnen hierzu folgende Informationen:</p>



<ol class="wp-block-list">
<li><strong>Name und Kontaktdaten der Verantwortlichen</strong></li>
</ol>



<p>Strick GmbH<br>Eldernstr. 55<br>53909 Zülpich<br>Telefon: 02425-418<br>Telefax: 02425-7368<br>E-Mail: info@strick-gmbh.de<br>Internet: www.strick-gmbh.de</p>



<ol start="2" class="wp-block-list">
<li><strong>Kontaktdaten der Datenschutzbeauftragten</strong><br>Name Frau Sievernich<br>Anschrift Eldernstr. 55<br>PLZ Ort&nbsp;&nbsp;&nbsp;&nbsp;&nbsp;&nbsp;&nbsp;&nbsp;&nbsp;&nbsp;&nbsp;&nbsp;&nbsp;&nbsp;&nbsp;&nbsp;&nbsp;&nbsp;&nbsp;&nbsp; 53909 Zülpich<br>Telefon&nbsp;&nbsp;&nbsp;&nbsp;&nbsp;&nbsp;&nbsp;&nbsp;&nbsp;&nbsp;&nbsp;&nbsp;&nbsp;&nbsp;&nbsp;&nbsp;&nbsp;&nbsp;&nbsp;&nbsp; 02425-418<br>Telefax:&nbsp;&nbsp;&nbsp;&nbsp;&nbsp;&nbsp;&nbsp;&nbsp;&nbsp;&nbsp;&nbsp;&nbsp;&nbsp;&nbsp;&nbsp;&nbsp;&nbsp;&nbsp;&nbsp; 02425-7368<br>E-Mail:&nbsp;&nbsp; &nbsp;&nbsp;&nbsp;&nbsp;&nbsp;&nbsp;&nbsp;&nbsp;&nbsp;&nbsp;&nbsp;&nbsp;&nbsp;&nbsp;&nbsp;&nbsp;&nbsp; info@strick-gmbh.de&nbsp;</li>



<li><strong>Zweck, Rechtsgrundlage der Verarbeitung sowie Quellen und Weitergabe der Daten</strong></li>
</ol>



<p>Wir verarbeiten zu einem oder mehreren der im Folgenden genannten Zwecke Ihre personenbezogenen Daten und haben diese ggf. aus nachfolgenden Quellen erhalten bzw. geben diese an einen oder mehrere der folgenden Empfänger weiter:</p>



<figure class="wp-block-table"><table class="has-fixed-layout"><tbody><tr><td><strong>Zweck</strong></td><td><strong>Empfänger / Quelle</strong></td><td><strong>Rechtsgrundlagen</strong></td></tr><tr><td><strong>Absicherung und Regulierung</strong></td><td>Versicherung</td><td>Art. 6 Abs. 1 f DSGVO</td></tr><tr><td><strong>Bewerbung:<br></strong>Bewerbungsmanagement</td><td>&nbsp;</td><td>Art. 6 Abs. 1 b DSGVO</td></tr><tr><td><strong>Datenträger-/Aktenvernichtung</strong></td><td>Datenträger-/Aktenvernichter</td><td>Art. 6 Abs. 1 f DSGVO</td></tr><tr><td><strong>Foto/Video/Tonaufnahmen:</strong>z.B. Bautagebuch</td><td>&nbsp;</td><td>Art. 6 Abs. 1 b, f DSGVO</td></tr><tr><td><strong>IT-Systeme/Telekommunikation:</strong>Betrieb / Instandhaltung / Wartung</td><td>IT-Dienstleister</td><td>Art. 6 Abs. 1 f DSGVO</td></tr><tr><td><strong>Kundendatenverwaltung:</strong>insbesondere Buchhaltung, Adressverwaltung, Rechnungsstellung</td><td>Steuerberater, Behörden, Verwaltungen, verbundene Unternehmen</td><td>Art. 6 Abs. 1 a, b und c DSGVO</td></tr><tr><td><strong>Kundengewinnung /-betreuung:</strong>z. B. Werbe-/Marketingaktivitäten</td><td>&nbsp;</td><td>Art. 6 Abs. 1 a, b und f DSGVO</td></tr><tr><td><strong>Mitarbeiterdatenverwaltung:&nbsp;</strong>z. B. Lohn- und Gehaltsabrechnung</td><td>Lohn- und Gehaltsbüro, Steuerberater, Krankenversicherung, Behörden, Verwaltungen, Bausparkassen, Anbieter von Mitarbeiterangebotsprogrammen,</td><td>Art. 6 Abs. 1 b DSGVO</td></tr><tr><td><strong>Planungsleistungen</strong></td><td>Architekten, Bauingenieure, Messdienstleister</td><td>Art. 6 Abs. 1 b DSGVO</td></tr><tr><td><strong>Postversand</strong></td><td>Postdienstleister</td><td>Art. 6 Abs. 1 f DSGVO</td></tr><tr><td><strong>Rechtsverfolgung</strong></td><td>Rechtsanwalt, Inkassobüro, Gerichte, Behörden</td><td>Art. 6 Abs. 1 b, c, f DSGVO</td></tr><tr><td><strong>SEPA:&nbsp;</strong>Durchführung des SEPA-Lastschriftverfahrens</td><td>Bankinstitut</td><td>Art. 6 Abs. 1 a DSGVO</td></tr><tr><td><strong>Speicherung/Archivierung von Personal- und Kundendaten</strong></td><td>Sicherungsspeicherungs- bzw.- Archivierungsunternehmen</td><td>Art. 6 Abs. 1 c, f DSGVO</td></tr><tr><td><strong>Unternehmensberatung/-optimierung</strong></td><td>Finanzberater, Unternehmensberater, Wirtschaftsprüfer, Steuerberater</td><td>Art. 6 Abs. 1 f DSGVO</td></tr><tr><td><strong>Vertragsabwicklung:</strong>z. B. Einhaltung von Garantie- und Gewährleistungsfristen</td><td>Hersteller, Lieferanten, Subunternehmer, vom Kunden beauftragte Unternehmen, Gutachter, Behörden, Versicherungen</td><td>Art. 6 Abs. 1 b DSGVO</td></tr><tr><td><strong>Videoüberwachung</strong></td><td>Polizei, Strafverfolgungsbehörden, Versicherung, Rechtsanwalt, Wachdienst, IT-Dienstleister</td><td>Art. 6 Abs. 1 f DSGVO</td></tr><tr><td><strong>Zahlungsabwicklung</strong></td><td>Bankinstitut, Finanzierungsdienstleister</td><td>Art. 6 Abs. 1 b DSGVO</td></tr></tbody></table></figure>



<p>Bei einer Verarbeitung der Daten nach Art. 6 Abs. 1 f DSGVO bestehen die berechtigten Interessen insbesondere in</p>



<ul class="wp-block-list">
<li>der Sicherstellung und Verbesserung von Betriebsabläufen,</li>



<li>der Abwendung von Vermögenschäden,</li>



<li>der Bekanntmachung des Leistungsspektrums,</li>



<li>der Optimierung des Kundenservice.</li>
</ul>



<ol start="4" class="wp-block-list">
<li><strong>Kategorien personenbezogener Daten</strong></li>
</ol>



<p>Insbesondere verarbeiten wir Ihre/n Titel, Vorname, Nachname, Anschrift, E-Mail-Adresse, (Mobil-) Telefonnummer, Kundennummer, Bankverbindungsdaten, Qualifikations-, Leistungs- und/oder Potentialbeurteilungen, Ausbildungsvertragsnummer, Sozialversicherungsdaten.</p>



<ol start="5" class="wp-block-list">
<li><strong>Dauer der Speicherung der personenbezogenen Daten</strong></li>
</ol>



<p>Die Daten werden gelöscht, sobald sie für die vorgenannten Zwecke, insbesondere gesetzliche Aufbewahrungspflichten, nicht mehr erforderlich sind. Die gesetzlichen Aufbewahrungs- und Dokumentationspflichten von 5, 6 bzw. 10 Jahren ergeben sich aus § 8 Abs. 4 GwG, § 257 HGB und § 147 AO.</p>



<p>Die Daten, die der Regelverjährung gem. § 195 BGB unterliegen, werden nach Ablauf der 3-Jahres-Frist gelöscht.</p>



<p>Im Bewerbermanagement:</p>



<p>Wird von uns kein Anstellungsvertrag mit dem Bewerber geschlossen, so werden die Bewerbungsunterlagen<br>6 Monate nach Bekanntgabe der Absageentscheidung automatisch gelöscht, sofern einer Löschung keine sonstigen berechtigten Interessen des für die Verarbeitung Verantwortlichen gem. Art. 6 Abs. 1 f DSGVO entgegenstehen. Sonstiges berechtigtes Interesse in diesem Sinne ist beispielsweise eine Beweispflicht in einem Verfahren nach dem Allgemeinen Gleichbehandlungsgesetz.</p>



<ol start="6" class="wp-block-list">
<li><strong>Betroffenenrechte</strong></li>
</ol>



<p>Sie können von uns jederzeit Auskunft, Berichtigung, Löschung und die Einschränkung der Verarbeitung Ihrer personenbezogenen Daten verlangen sowie das Recht auf Datenübertragbarkeit geltend machen. Darüber hinaus haben Sie das Recht, sich an die zuständige Aufsichtsbehörde zu wenden.</p>



<p>Sie können der Verarbeitung und Weitergabe Ihrer Daten nach Art. 21 DSGVO&nbsp;<strong>WIDERSPRECHEN</strong>.</p>



<p>Sollten Sie uns eine Einwilligungserklärung gegeben haben, können Sie diese jederzeit ohne Angabe von Gründen ändern oder&nbsp;<strong>WIDERRUFEN</strong>. Datenverarbeitungen, die vor dem Widerruf erfolgt sind, sind hiervon nicht betroffen.</p>



<p>Bei Rückfragen zum Schutz Ihrer personenbezogenen Daten wenden Sie sich bitte an:</p>



<p><strong>Strick GmbH, Eldernstr. 55, 53909 Zülpich, Tel. 02425-418, Fax: 02425-7368, E-Mail: info@strick-gmbh.de</strong></p>



<p>oder unsere Datenschutzbeauftragte</p>



<p><strong>Frau Sievernich</strong></p>



<p><strong>Anschrift und Kontaktdaten wie Strick-GmbH</strong></p>

<p>Datenschutzerklärung Information zur Verarbeitung personenbezogener Daten Wenn Sie die Strick GmbH kontaktieren, verarbeitet diese im erforderlichen Umfang Ihre personenbezogenen Daten. Gemäß Art. 13, 14 Datenschutz-Grundverordnung (DSGVO) geben wir Ihnen hierzu folgende Informationen: Strick GmbHEldernstr. 5553909 ZülpichTelefon: 02425-418Telefax: 02425-7368E-Mail: info@strick-gmbh.deInternet: www.strick-gmbh.de Wir verarbeiten zu einem oder mehreren der im Folgenden genannten Zwecke Ihre personenbezogenen Daten und [&hellip;]</p>
